{"id":2273,"date":"2021-03-19T13:57:21","date_gmt":"2021-03-19T13:57:21","guid":{"rendered":"https:\/\/www.vacances-campings.fr\/content\/?page_id=2273"},"modified":"2021-04-06T12:06:31","modified_gmt":"2021-04-06T12:06:31","slug":"ce-mosaik-conditions-offres","status":"publish","type":"page","link":"https:\/\/www.vacances-campings.fr\/content\/ce-mosaik-conditions-offres\/","title":{"rendered":"Conditions des Offres Sp\u00e9ciales &#8211; MOSAIK"},"content":{"rendered":"<p>&nbsp;<\/p>\n<p><em><b>(1) Annulation gratuite jusqu&rsquo;\u00e0 la date de d\u00e9but de votre s\u00e9jour &#8211; <\/b><b>Voir les conditions<\/b><\/em><\/p>\n<p><em><b>(2) Les frais de financement du paiement diff\u00e9r\u00e9 \u201cR\u00e9servez aujourd\u2019hui, payez plus tard\u201d sont offerts du jj\/mm\/aaaa au jj\/mm\/aaaa &#8211; <\/b><b>Voir les conditions<\/b><\/em><\/p>\n<h2><b>R\u00e9servation effectu\u00e9e apr\u00e8s le 01 janvier 2021<\/b><\/h2>\n<ul>\n<li><b>Garantie Covid-19 Offerte aux participants du s\u00e9jour (test PCR positif, maladie, cas contact\u2026)\u00a0<\/b><\/li>\n<\/ul>\n<p>Toutes les r\u00e9servations effectu\u00e9es sur notre site <strong>du 1er janvier 2021 au 16 mars 2021<\/strong> b\u00e9n\u00e9ficient automatiquement d\u2019une Garantie Covid individuelle offerte.<\/p>\n<p>Cette garantie vous permet d\u2019annuler votre r\u00e9servation\u00a0 et d\u2019obtenir le remboursement des frais d\u2019annulation si les participants du s\u00e9jour sont concern\u00e9s par l\u2019un des cas suivants :<\/p>\n<ul>\n<li aria-level=\"1\">Test PCR Positif<\/li>\n<\/ul>\n<ul>\n<li aria-level=\"1\">Situation de cas contact, sous r\u00e9serve d\u2019attestation officielle (ARS, S\u00e9curit\u00e9 Sociale,&#8230;)<\/li>\n<\/ul>\n<ul>\n<li aria-level=\"1\">Maladie de vous-m\u00eame ou d\u2019un proche li\u00e9e \u00e0 la COVID-19<\/li>\n<\/ul>\n<ul>\n<li aria-level=\"1\">Quarantaine individuelle li\u00e9e \u00e0 la\u00a0 COVID-19<\/li>\n<\/ul>\n<ul>\n<li aria-level=\"1\">Hospitalisation de vous-m\u00eame ou d\u2019un proche li\u00e9e \u00e0 la\u00a0 Covid-19<\/li>\n<\/ul>\n<ul>\n<li aria-level=\"1\">D\u00e9c\u00e8s de vous-m\u00eame ou d\u2019un proche li\u00e9e \u00e0 la\u00a0 Covid-19<\/li>\n<\/ul>\n<p>Cette garantie peut \u00eatre mise en \u0153uvre quand l\u2019un des \u00e9v\u00e9nements list\u00e9s ci-dessus se produit dans le mois pr\u00e9c\u00e9dent la date de d\u00e9but de s\u00e9jour.<\/p>\n<p>La demande de remboursement s\u2019effectue en ligne sur votre espace client (lien vers la customer zone ). Des documents justificatifs peuvent \u00eatre demand\u00e9s. Cette offre vous permet d\u2019obtenir le remboursement de votre r\u00e9servation (hors frais de dossier), d\u00e9duction faite de frais de gestion de 30 \u20ac.<\/p>\n<p>&nbsp;<\/p>\n<ul>\n<li><strong>Annulation Gratuite (En cas de confinement ou fermeture administrative du camping)<\/strong><\/li>\n<\/ul>\n<p>Pour toute r\u00e9servation effectu\u00e9e sur le site depuis <strong>le 1er janvier 2021<\/strong>, vous b\u00e9n\u00e9ficiez de l\u2019annulation gratuite jusqu\u2019\u00e0 la date de d\u00e9but de votre s\u00e9jour, dans le cas o\u00f9 celui-ci est rendu impossible suite \u00e0 une d\u00e9cision des pouvoirs publics (fermeture administrative du camping ou confinement du lieu du camping li\u00e9 \u00e0 la\u00a0 Covid-19). Vous serez contact\u00e9s par nos services dans ce cas de figure. L&rsquo;annulation gratuite ne couvre pas la maladie, etc. et tout autre garantie pr\u00e9vue dans l\u2019Assurance Annulation et Multirisque.<\/p>\n<p>&nbsp;<\/p>\n<ul>\n<li><span style=\"color: #000000;\"><b>Modification Gratuite jusqu\u2019\u00e0 14 jours avant le d\u00e9part<\/b><\/span><\/li>\n<\/ul>\n<p><span style=\"color: #000000;\">Cette offre est valable sur une s\u00e9lection d\u2019h\u00e9bergements depuis <strong>le 28 mai 2020 et jusqu\u2019au 17\/03\/2021<\/strong>\u00a0 pour les r\u00e9servations indiquant \u201cModification gratuite jusqu\u2019\u00e0 14 jours avant le d\u00e9but du s\u00e9jour\u201d (voir votre facture). Vous avez la possibilit\u00e9 d\u2019obtenir la modification gratuite de votre r\u00e9servation sur votre espace client (lien \u00e0 indiquer) ou en contactant notre service client.<\/span><\/p>\n<p>&nbsp;<\/p>\n<h2><b>R\u00e9servation effectu\u00e9e ava<\/b><b>nt<\/b><b> le 01 jan<\/b><b>vier 2021<\/b><\/h2>\n<p>Pour toute r\u00e9servation effectu\u00e9e avant le <strong>1er janvier 2021<\/strong>, retrouvez ci-dessous les conditions des offres et op\u00e9rations sp\u00e9ciales en vigueur en fonction de votre date de r\u00e9servation.<\/p>\n<ul>\n<li><b>Annulation gratuite en cas de d\u00e9cision administrative ou maladie li\u00e9es au covid-19\u00a0\u00a0<\/b><\/li>\n<\/ul>\n<p>Cette offre est valable pour l\u2019ensemble des commandes pass\u00e9es <strong>du\u00a0 28 mai 2020 au 31 d\u00e9cembre 2020<\/strong>. L\u2019annulation est gratuite dans les cas suivants :<\/p>\n<ul>\n<li aria-level=\"1\">lieu de s\u00e9jour ferm\u00e9 du fait d\u2019une d\u00e9cision administrative li\u00e9e au covid-19<\/li>\n<\/ul>\n<ul>\n<li aria-level=\"1\">\u00e9tat de sant\u00e9 li\u00e9 au Covid-19 d\u2019un des participants du s\u00e9jour (sur pr\u00e9sentation d\u2019un justificatif)<\/li>\n<\/ul>\n<p>Pour b\u00e9n\u00e9ficier de cette offre, veuillez contacter notre service client par t\u00e9l\u00e9phone.<\/p>\n","protected":false},"excerpt":{"rendered":"<p>&nbsp; (1) Annulation gratuite jusqu&rsquo;\u00e0 la date de d\u00e9but de votre s\u00e9jour &#8211; Voir les conditions (2) Les frais de financement du paiement diff\u00e9r\u00e9 \u201cR\u00e9servez aujourd\u2019hui, payez plus tard\u201d sont offerts du jj\/mm\/aaaa au jj\/mm\/aaaa &#8211; Voir les conditions R\u00e9servation effectu\u00e9e apr\u00e8s le 01 janvier 2021 Garantie Covid-19 Offerte aux participants du s\u00e9jour (test PCR [&hellip;]<\/p>\n","protected":false},"author":16,"featured_media":0,"parent":0,"menu_order":0,"comment_status":"closed","ping_status":"closed","template":"template-onecolumn.php","meta":{"footnotes":""},"class_list":["post-2273","page","type-page","status-publish","hentry"],"yoast_head":"<!-- This site is optimized with the Yoast SEO plugin v27.1.1 - https:\/\/yoast.com\/product\/yoast-seo-wordpress\/ -->\n<title>Conditions des Offres Sp\u00e9ciales - MOSAIK<\/title>\n<meta name=\"robots\" content=\"index, follow, max-snippet:-1, max-image-preview:large, max-video-preview:-1\" \/>\n<link rel=\"canonical\" href=\"https:\/\/www.vacances-campings.fr\/content\/ce-mosaik-conditions-offres\/\" \/>\n<meta property=\"og:locale\" content=\"fr_FR\" \/>\n<meta property=\"og:type\" content=\"article\" \/>\n<meta property=\"og:title\" content=\"Conditions des Offres Sp\u00e9ciales - MOSAIK\" \/>\n<meta property=\"og:description\" content=\"&nbsp; (1) Annulation gratuite jusqu&rsquo;\u00e0 la date de d\u00e9but de votre s\u00e9jour &#8211; Voir les conditions (2) Les frais de financement du paiement diff\u00e9r\u00e9 \u201cR\u00e9servez aujourd\u2019hui, payez plus tard\u201d sont offerts du jj\/mm\/aaaa au jj\/mm\/aaaa &#8211; Voir les conditions R\u00e9servation effectu\u00e9e apr\u00e8s le 01 janvier 2021 Garantie Covid-19 Offerte aux participants du s\u00e9jour (test PCR [&hellip;]\" \/>\n<meta property=\"og:url\" content=\"https:\/\/www.vacances-campings.fr\/content\/ce-mosaik-conditions-offres\/\" \/>\n<meta property=\"og:site_name\" content=\"Vacances Campings Content site\" \/>\n<meta property=\"article:publisher\" content=\"https:\/\/fr-fr.facebook.com\/campingscom\/\" \/>\n<meta property=\"article:modified_time\" content=\"2021-04-06T12:06:31+00:00\" \/>\n<meta name=\"twitter:card\" content=\"summary_large_image\" \/>\n<meta name=\"twitter:label1\" content=\"Dur\u00e9e de lecture estim\u00e9e\" \/>\n\t<meta name=\"twitter:data1\" content=\"3 minutes\" \/>\n<script type=\"application\/ld+json\" class=\"yoast-schema-graph\">{\"@context\":\"https:\/\/schema.org\",\"@graph\":[{\"@type\":\"WebPage\",\"@id\":\"https:\/\/www.vacances-campings.fr\/content\/ce-mosaik-conditions-offres\/\",\"url\":\"https:\/\/www.vacances-campings.fr\/content\/ce-mosaik-conditions-offres\/\",\"name\":\"Conditions des Offres Sp\u00e9ciales - MOSAIK\",\"isPartOf\":{\"@id\":\"https:\/\/www.vacances-campings.fr\/content\/#website\"},\"datePublished\":\"2021-03-19T13:57:21+00:00\",\"dateModified\":\"2021-04-06T12:06:31+00:00\",\"breadcrumb\":{\"@id\":\"https:\/\/www.vacances-campings.fr\/content\/ce-mosaik-conditions-offres\/#breadcrumb\"},\"inLanguage\":\"fr-FR\",\"potentialAction\":[{\"@type\":\"ReadAction\",\"target\":[\"https:\/\/www.vacances-campings.fr\/content\/ce-mosaik-conditions-offres\/\"]}]},{\"@type\":\"BreadcrumbList\",\"@id\":\"https:\/\/www.vacances-campings.fr\/content\/ce-mosaik-conditions-offres\/#breadcrumb\",\"itemListElement\":[{\"@type\":\"ListItem\",\"position\":1,\"name\":\"Home\",\"item\":\"https:\/\/www.vacances-campings.fr\/content\/\"},{\"@type\":\"ListItem\",\"position\":2,\"name\":\"Conditions des Offres Sp\u00e9ciales &#8211; MOSAIK\"}]},{\"@type\":\"WebSite\",\"@id\":\"https:\/\/www.vacances-campings.fr\/content\/#website\",\"url\":\"https:\/\/www.vacances-campings.fr\/content\/\",\"name\":\"Vacances Campings Content site\",\"description\":\"\",\"publisher\":{\"@id\":\"https:\/\/www.vacances-campings.fr\/content\/#organization\"},\"potentialAction\":[{\"@type\":\"SearchAction\",\"target\":{\"@type\":\"EntryPoint\",\"urlTemplate\":\"https:\/\/www.vacances-campings.fr\/content\/?s={search_term_string}\"},\"query-input\":{\"@type\":\"PropertyValueSpecification\",\"valueRequired\":true,\"valueName\":\"search_term_string\"}}],\"inLanguage\":\"fr-FR\"},{\"@type\":\"Organization\",\"@id\":\"https:\/\/www.vacances-campings.fr\/content\/#organization\",\"name\":\"Campings.com\",\"url\":\"https:\/\/www.vacances-campings.fr\/content\/\",\"logo\":{\"@type\":\"ImageObject\",\"inLanguage\":\"fr-FR\",\"@id\":\"https:\/\/www.vacances-campings.fr\/content\/#\/schema\/logo\/image\/\",\"url\":\"https:\/\/www.vacances-campings.fr\/content\/wp-content\/uploads\/2019\/04\/Logo-Campings-com-200x184-1.jpg\",\"contentUrl\":\"https:\/\/www.vacances-campings.fr\/content\/wp-content\/uploads\/2019\/04\/Logo-Campings-com-200x184-1.jpg\",\"width\":200,\"height\":184,\"caption\":\"Campings.com\"},\"image\":{\"@id\":\"https:\/\/www.vacances-campings.fr\/content\/#\/schema\/logo\/image\/\"},\"sameAs\":[\"https:\/\/fr-fr.facebook.com\/campingscom\/\"]}]}<\/script>\n<!-- \/ Yoast SEO plugin. -->","yoast_head_json":{"title":"Conditions des Offres Sp\u00e9ciales - MOSAIK","robots":{"index":"index","follow":"follow","max-snippet":"max-snippet:-1","max-image-preview":"max-image-preview:large","max-video-preview":"max-video-preview:-1"},"canonical":"https:\/\/www.vacances-campings.fr\/content\/ce-mosaik-conditions-offres\/","og_locale":"fr_FR","og_type":"article","og_title":"Conditions des Offres Sp\u00e9ciales - MOSAIK","og_description":"&nbsp; (1) Annulation gratuite jusqu&rsquo;\u00e0 la date de d\u00e9but de votre s\u00e9jour &#8211; Voir les conditions (2) Les frais de financement du paiement diff\u00e9r\u00e9 \u201cR\u00e9servez aujourd\u2019hui, payez plus tard\u201d sont offerts du jj\/mm\/aaaa au jj\/mm\/aaaa &#8211; Voir les conditions R\u00e9servation effectu\u00e9e apr\u00e8s le 01 janvier 2021 Garantie Covid-19 Offerte aux participants du s\u00e9jour (test PCR [&hellip;]","og_url":"https:\/\/www.vacances-campings.fr\/content\/ce-mosaik-conditions-offres\/","og_site_name":"Vacances Campings Content site","article_publisher":"https:\/\/fr-fr.facebook.com\/campingscom\/","article_modified_time":"2021-04-06T12:06:31+00:00","twitter_card":"summary_large_image","twitter_misc":{"Dur\u00e9e de lecture estim\u00e9e":"3 minutes"},"schema":{"@context":"https:\/\/schema.org","@graph":[{"@type":"WebPage","@id":"https:\/\/www.vacances-campings.fr\/content\/ce-mosaik-conditions-offres\/","url":"https:\/\/www.vacances-campings.fr\/content\/ce-mosaik-conditions-offres\/","name":"Conditions des Offres Sp\u00e9ciales - MOSAIK","isPartOf":{"@id":"https:\/\/www.vacances-campings.fr\/content\/#website"},"datePublished":"2021-03-19T13:57:21+00:00","dateModified":"2021-04-06T12:06:31+00:00","breadcrumb":{"@id":"https:\/\/www.vacances-campings.fr\/content\/ce-mosaik-conditions-offres\/#breadcrumb"},"inLanguage":"fr-FR","potentialAction":[{"@type":"ReadAction","target":["https:\/\/www.vacances-campings.fr\/content\/ce-mosaik-conditions-offres\/"]}]},{"@type":"BreadcrumbList","@id":"https:\/\/www.vacances-campings.fr\/content\/ce-mosaik-conditions-offres\/#breadcrumb","itemListElement":[{"@type":"ListItem","position":1,"name":"Home","item":"https:\/\/www.vacances-campings.fr\/content\/"},{"@type":"ListItem","position":2,"name":"Conditions des Offres Sp\u00e9ciales &#8211; MOSAIK"}]},{"@type":"WebSite","@id":"https:\/\/www.vacances-campings.fr\/content\/#website","url":"https:\/\/www.vacances-campings.fr\/content\/","name":"Vacances Campings Content site","description":"","publisher":{"@id":"https:\/\/www.vacances-campings.fr\/content\/#organization"},"potentialAction":[{"@type":"SearchAction","target":{"@type":"EntryPoint","urlTemplate":"https:\/\/www.vacances-campings.fr\/content\/?s={search_term_string}"},"query-input":{"@type":"PropertyValueSpecification","valueRequired":true,"valueName":"search_term_string"}}],"inLanguage":"fr-FR"},{"@type":"Organization","@id":"https:\/\/www.vacances-campings.fr\/content\/#organization","name":"Campings.com","url":"https:\/\/www.vacances-campings.fr\/content\/","logo":{"@type":"ImageObject","inLanguage":"fr-FR","@id":"https:\/\/www.vacances-campings.fr\/content\/#\/schema\/logo\/image\/","url":"https:\/\/www.vacances-campings.fr\/content\/wp-content\/uploads\/2019\/04\/Logo-Campings-com-200x184-1.jpg","contentUrl":"https:\/\/www.vacances-campings.fr\/content\/wp-content\/uploads\/2019\/04\/Logo-Campings-com-200x184-1.jpg","width":200,"height":184,"caption":"Campings.com"},"image":{"@id":"https:\/\/www.vacances-campings.fr\/content\/#\/schema\/logo\/image\/"},"sameAs":["https:\/\/fr-fr.facebook.com\/campingscom\/"]}]}},"_links":{"self":[{"href":"https:\/\/www.vacances-campings.fr\/content\/wp-json\/wp\/v2\/pages\/2273","targetHints":{"allow":["GET"]}}],"collection":[{"href":"https:\/\/www.vacances-campings.fr\/content\/wp-json\/wp\/v2\/pages"}],"about":[{"href":"https:\/\/www.vacances-campings.fr\/content\/wp-json\/wp\/v2\/types\/page"}],"author":[{"embeddable":true,"href":"https:\/\/www.vacances-campings.fr\/content\/wp-json\/wp\/v2\/users\/16"}],"replies":[{"embeddable":true,"href":"https:\/\/www.vacances-campings.fr\/content\/wp-json\/wp\/v2\/comments?post=2273"}],"version-history":[{"count":5,"href":"https:\/\/www.vacances-campings.fr\/content\/wp-json\/wp\/v2\/pages\/2273\/revisions"}],"predecessor-version":[{"id":2365,"href":"https:\/\/www.vacances-campings.fr\/content\/wp-json\/wp\/v2\/pages\/2273\/revisions\/2365"}],"wp:attachment":[{"href":"https:\/\/www.vacances-campings.fr\/content\/wp-json\/wp\/v2\/media?parent=2273"}],"curies":[{"name":"wp","href":"https:\/\/api.w.org\/{rel}","templated":true}]}}