{"id":1674,"date":"2020-02-28T14:01:56","date_gmt":"2020-02-28T14:01:56","guid":{"rendered":"https:\/\/www.vacances-campings.fr\/content\/?page_id=1674"},"modified":"2020-02-28T14:02:04","modified_gmt":"2020-02-28T14:02:04","slug":"ou-cacher-son-argent-en-camping","status":"publish","type":"page","link":"https:\/\/www.vacances-campings.fr\/content\/tout-savoir-sur-le-camping\/faq-camping\/ou-cacher-son-argent-en-camping\/","title":{"rendered":"O\u00f9 cacher son argent en camping ?"},"content":{"rendered":"<p>Pour \u00e9viter tout <strong>vol pendant des vacances<\/strong>, <strong>cacher son argent sur soi<\/strong> est la meilleure solution. Il existe aussi des rangements, ou des astuces pour <strong>ne pas se faire voler son argent<\/strong>, comme un coffre, une ceinture ou une pochette.<\/p>\n<h2>Cacher son argent dans un camping<\/h2>\n<p>Pour ne pas se faire<strong> voler ses billets et cartes de cr\u00e9dit<\/strong> en voyage, il existe plusieurs solutions, en vente \u00e0 diff\u00e9rents prix :<\/p>\n<ul>\n<li>mettre l&rsquo;<strong>argent dans le coffre<\/strong> de son v\u00e9hicule ;<\/li>\n<li>opter pour l&rsquo;achat d&rsquo;un <strong>coffre-fort<\/strong> transportable ;<\/li>\n<li>d\u00e9poser ses billets dans un <strong>casier \u00e0 consigne <\/strong>mis \u00e0 disposition par le camping ;<\/li>\n<li>mettre un <strong>cadenas<\/strong> sur votre sac \u00e0 dos.<\/li>\n<\/ul>\n<p>Conserver l&rsquo;argent sur soi est la m\u00e9thode la plus s\u00e9curis\u00e9e. Pour ce faire, il y a plusieurs accessoires :<\/p>\n<ul>\n<li>une<strong> ceinture cache-billet <\/strong>;<\/li>\n<li>un <strong>sac banane<\/strong> dans lequel on met un portefeuille ou un porte-cartes ;<\/li>\n<li>une <strong>pochette<\/strong> \u00e0 glisser dans ses v\u00eatements.<\/li>\n<\/ul>\n<h2>Ne gardez pas tout votre argent au m\u00eame endroit<\/h2>\n<p>En r\u00e9partissant votre monnaie dans diff\u00e9rentes cachettes, vous avez la s\u00e9curit\u00e9 de ne pas vous faire <strong>voler toutes vos \u00e9conomies<\/strong> pendant votre voyage. Il est bon de suivre les conseils et avis des campeurs avertis, qui recommandent de<strong> r\u00e9partir ses objets de valeur dans diff\u00e9rents endroits <\/strong>: un sac, dans des v\u00eatements, dans la voiture, dans une poche\u2026 \u00c9vitez de <strong>cacher des esp\u00e8ces dans une tente<\/strong>, trop facile \u00e0 cambrioler.<\/p>\n<h2>\u00c9vitez d&rsquo;attirer l&rsquo;attention<\/h2>\n<p>En France, et dans tous les pays du monde, le risque de <strong>vol lors d&rsquo;un voyage<\/strong> est r\u00e9el. Il ne faut pas attirer l&rsquo;attention sur les choses de valeurs :<\/p>\n<ul>\n<li>ne pas manipuler sa monnaie \u00e0 la vue de tous ;<\/li>\n<li>ne pas mettre de <strong>cadenas sur une tente<\/strong>, qui indiquera aux voleurs que vous avez du liquide \u00e0 voler en un coup de couteau dans la toile ;<\/li>\n<li>ne pas mettre tous vos <strong>billets et pi\u00e8ces <\/strong>dans un m\u00eame lieu.<\/li>\n<\/ul>\n<p>Pensez \u00e0 prot\u00e9ger aussi votre passeport, votre t\u00e9l\u00e9phone, votre appareil photo ou votre carte de cr\u00e9dit.<\/p>\n<p>&nbsp;<\/p>\n<p><a href=\"https:\/\/www.vacances-campings.fr\/content\/tout-savoir-sur-le-camping\/faq-camping\/\">Retour \u00e0 la FAQ camping<\/a><\/p>\n","protected":false},"excerpt":{"rendered":"<p>Pour \u00e9viter tout vol pendant des vacances, cacher son argent sur soi est la meilleure solution. Il existe aussi des rangements, ou des astuces pour ne pas se faire voler son argent, comme un coffre, une ceinture ou une pochette. Cacher son argent dans un camping Pour ne pas se faire voler ses billets et [&hellip;]<\/p>\n","protected":false},"author":2,"featured_media":0,"parent":1638,"menu_order":0,"comment_status":"closed","ping_status":"closed","template":"template-twocolumns.php","meta":{"footnotes":""},"class_list":["post-1674","page","type-page","status-publish","hentry"],"yoast_head":"<!-- This site is optimized with the Yoast SEO plugin v27.1.1 - https:\/\/yoast.com\/product\/yoast-seo-wordpress\/ -->\n<title>O\u00f9 cacher son argent en camping ?<\/title>\n<meta name=\"description\" content=\"FAQ - O\u00f9 cacher son argent en camping ?\" \/>\n<meta name=\"robots\" content=\"index, follow, max-snippet:-1, max-image-preview:large, max-video-preview:-1\" \/>\n<link rel=\"canonical\" href=\"https:\/\/www.vacances-campings.fr\/content\/tout-savoir-sur-le-camping\/faq-camping\/ou-cacher-son-argent-en-camping\/\" \/>\n<meta property=\"og:locale\" content=\"fr_FR\" \/>\n<meta property=\"og:type\" content=\"article\" \/>\n<meta property=\"og:title\" content=\"O\u00f9 cacher son argent en camping ?\" \/>\n<meta property=\"og:description\" content=\"FAQ - O\u00f9 cacher son argent en camping ?\" \/>\n<meta property=\"og:url\" content=\"https:\/\/www.vacances-campings.fr\/content\/tout-savoir-sur-le-camping\/faq-camping\/ou-cacher-son-argent-en-camping\/\" \/>\n<meta property=\"og:site_name\" content=\"Vacances Campings Content site\" \/>\n<meta property=\"article:publisher\" content=\"https:\/\/fr-fr.facebook.com\/campingscom\/\" \/>\n<meta property=\"article:modified_time\" content=\"2020-02-28T14:02:04+00:00\" \/>\n<meta name=\"twitter:card\" content=\"summary_large_image\" \/>\n<meta name=\"twitter:label1\" content=\"Dur\u00e9e de lecture estim\u00e9e\" \/>\n\t<meta name=\"twitter:data1\" content=\"2 minutes\" \/>\n<script type=\"application\/ld+json\" class=\"yoast-schema-graph\">{\"@context\":\"https:\/\/schema.org\",\"@graph\":[{\"@type\":\"WebPage\",\"@id\":\"https:\/\/www.vacances-campings.fr\/content\/tout-savoir-sur-le-camping\/faq-camping\/ou-cacher-son-argent-en-camping\/\",\"url\":\"https:\/\/www.vacances-campings.fr\/content\/tout-savoir-sur-le-camping\/faq-camping\/ou-cacher-son-argent-en-camping\/\",\"name\":\"O\u00f9 cacher son argent en camping ?\",\"isPartOf\":{\"@id\":\"https:\/\/www.vacances-campings.fr\/content\/#website\"},\"datePublished\":\"2020-02-28T14:01:56+00:00\",\"dateModified\":\"2020-02-28T14:02:04+00:00\",\"description\":\"FAQ - O\u00f9 cacher son argent en camping ?\",\"breadcrumb\":{\"@id\":\"https:\/\/www.vacances-campings.fr\/content\/tout-savoir-sur-le-camping\/faq-camping\/ou-cacher-son-argent-en-camping\/#breadcrumb\"},\"inLanguage\":\"fr-FR\",\"potentialAction\":[{\"@type\":\"ReadAction\",\"target\":[\"https:\/\/www.vacances-campings.fr\/content\/tout-savoir-sur-le-camping\/faq-camping\/ou-cacher-son-argent-en-camping\/\"]}]},{\"@type\":\"BreadcrumbList\",\"@id\":\"https:\/\/www.vacances-campings.fr\/content\/tout-savoir-sur-le-camping\/faq-camping\/ou-cacher-son-argent-en-camping\/#breadcrumb\",\"itemListElement\":[{\"@type\":\"ListItem\",\"position\":1,\"name\":\"Home\",\"item\":\"https:\/\/www.vacances-campings.fr\/content\/\"},{\"@type\":\"ListItem\",\"position\":2,\"name\":\"Tout savoir sur le camping\",\"item\":\"https:\/\/www.vacances-campings.fr\/content\/tout-savoir-sur-le-camping\/\"},{\"@type\":\"ListItem\",\"position\":3,\"name\":\"FAQ camping\",\"item\":\"https:\/\/www.vacances-campings.fr\/content\/tout-savoir-sur-le-camping\/faq-camping\/\"},{\"@type\":\"ListItem\",\"position\":4,\"name\":\"O\u00f9 cacher son argent en camping ?\"}]},{\"@type\":\"WebSite\",\"@id\":\"https:\/\/www.vacances-campings.fr\/content\/#website\",\"url\":\"https:\/\/www.vacances-campings.fr\/content\/\",\"name\":\"Vacances Campings Content site\",\"description\":\"\",\"publisher\":{\"@id\":\"https:\/\/www.vacances-campings.fr\/content\/#organization\"},\"potentialAction\":[{\"@type\":\"SearchAction\",\"target\":{\"@type\":\"EntryPoint\",\"urlTemplate\":\"https:\/\/www.vacances-campings.fr\/content\/?s={search_term_string}\"},\"query-input\":{\"@type\":\"PropertyValueSpecification\",\"valueRequired\":true,\"valueName\":\"search_term_string\"}}],\"inLanguage\":\"fr-FR\"},{\"@type\":\"Organization\",\"@id\":\"https:\/\/www.vacances-campings.fr\/content\/#organization\",\"name\":\"Campings.com\",\"url\":\"https:\/\/www.vacances-campings.fr\/content\/\",\"logo\":{\"@type\":\"ImageObject\",\"inLanguage\":\"fr-FR\",\"@id\":\"https:\/\/www.vacances-campings.fr\/content\/#\/schema\/logo\/image\/\",\"url\":\"https:\/\/www.vacances-campings.fr\/content\/wp-content\/uploads\/2019\/04\/Logo-Campings-com-200x184-1.jpg\",\"contentUrl\":\"https:\/\/www.vacances-campings.fr\/content\/wp-content\/uploads\/2019\/04\/Logo-Campings-com-200x184-1.jpg\",\"width\":200,\"height\":184,\"caption\":\"Campings.com\"},\"image\":{\"@id\":\"https:\/\/www.vacances-campings.fr\/content\/#\/schema\/logo\/image\/\"},\"sameAs\":[\"https:\/\/fr-fr.facebook.com\/campingscom\/\"]}]}<\/script>\n<!-- \/ Yoast SEO plugin. -->","yoast_head_json":{"title":"O\u00f9 cacher son argent en camping ?","description":"FAQ - O\u00f9 cacher son argent en camping ?","robots":{"index":"index","follow":"follow","max-snippet":"max-snippet:-1","max-image-preview":"max-image-preview:large","max-video-preview":"max-video-preview:-1"},"canonical":"https:\/\/www.vacances-campings.fr\/content\/tout-savoir-sur-le-camping\/faq-camping\/ou-cacher-son-argent-en-camping\/","og_locale":"fr_FR","og_type":"article","og_title":"O\u00f9 cacher son argent en camping ?","og_description":"FAQ - O\u00f9 cacher son argent en camping ?","og_url":"https:\/\/www.vacances-campings.fr\/content\/tout-savoir-sur-le-camping\/faq-camping\/ou-cacher-son-argent-en-camping\/","og_site_name":"Vacances Campings Content site","article_publisher":"https:\/\/fr-fr.facebook.com\/campingscom\/","article_modified_time":"2020-02-28T14:02:04+00:00","twitter_card":"summary_large_image","twitter_misc":{"Dur\u00e9e de lecture estim\u00e9e":"2 minutes"},"schema":{"@context":"https:\/\/schema.org","@graph":[{"@type":"WebPage","@id":"https:\/\/www.vacances-campings.fr\/content\/tout-savoir-sur-le-camping\/faq-camping\/ou-cacher-son-argent-en-camping\/","url":"https:\/\/www.vacances-campings.fr\/content\/tout-savoir-sur-le-camping\/faq-camping\/ou-cacher-son-argent-en-camping\/","name":"O\u00f9 cacher son argent en camping ?","isPartOf":{"@id":"https:\/\/www.vacances-campings.fr\/content\/#website"},"datePublished":"2020-02-28T14:01:56+00:00","dateModified":"2020-02-28T14:02:04+00:00","description":"FAQ - O\u00f9 cacher son argent en camping ?","breadcrumb":{"@id":"https:\/\/www.vacances-campings.fr\/content\/tout-savoir-sur-le-camping\/faq-camping\/ou-cacher-son-argent-en-camping\/#breadcrumb"},"inLanguage":"fr-FR","potentialAction":[{"@type":"ReadAction","target":["https:\/\/www.vacances-campings.fr\/content\/tout-savoir-sur-le-camping\/faq-camping\/ou-cacher-son-argent-en-camping\/"]}]},{"@type":"BreadcrumbList","@id":"https:\/\/www.vacances-campings.fr\/content\/tout-savoir-sur-le-camping\/faq-camping\/ou-cacher-son-argent-en-camping\/#breadcrumb","itemListElement":[{"@type":"ListItem","position":1,"name":"Home","item":"https:\/\/www.vacances-campings.fr\/content\/"},{"@type":"ListItem","position":2,"name":"Tout savoir sur le camping","item":"https:\/\/www.vacances-campings.fr\/content\/tout-savoir-sur-le-camping\/"},{"@type":"ListItem","position":3,"name":"FAQ camping","item":"https:\/\/www.vacances-campings.fr\/content\/tout-savoir-sur-le-camping\/faq-camping\/"},{"@type":"ListItem","position":4,"name":"O\u00f9 cacher son argent en camping ?"}]},{"@type":"WebSite","@id":"https:\/\/www.vacances-campings.fr\/content\/#website","url":"https:\/\/www.vacances-campings.fr\/content\/","name":"Vacances Campings Content site","description":"","publisher":{"@id":"https:\/\/www.vacances-campings.fr\/content\/#organization"},"potentialAction":[{"@type":"SearchAction","target":{"@type":"EntryPoint","urlTemplate":"https:\/\/www.vacances-campings.fr\/content\/?s={search_term_string}"},"query-input":{"@type":"PropertyValueSpecification","valueRequired":true,"valueName":"search_term_string"}}],"inLanguage":"fr-FR"},{"@type":"Organization","@id":"https:\/\/www.vacances-campings.fr\/content\/#organization","name":"Campings.com","url":"https:\/\/www.vacances-campings.fr\/content\/","logo":{"@type":"ImageObject","inLanguage":"fr-FR","@id":"https:\/\/www.vacances-campings.fr\/content\/#\/schema\/logo\/image\/","url":"https:\/\/www.vacances-campings.fr\/content\/wp-content\/uploads\/2019\/04\/Logo-Campings-com-200x184-1.jpg","contentUrl":"https:\/\/www.vacances-campings.fr\/content\/wp-content\/uploads\/2019\/04\/Logo-Campings-com-200x184-1.jpg","width":200,"height":184,"caption":"Campings.com"},"image":{"@id":"https:\/\/www.vacances-campings.fr\/content\/#\/schema\/logo\/image\/"},"sameAs":["https:\/\/fr-fr.facebook.com\/campingscom\/"]}]}},"_links":{"self":[{"href":"https:\/\/www.vacances-campings.fr\/content\/wp-json\/wp\/v2\/pages\/1674","targetHints":{"allow":["GET"]}}],"collection":[{"href":"https:\/\/www.vacances-campings.fr\/content\/wp-json\/wp\/v2\/pages"}],"about":[{"href":"https:\/\/www.vacances-campings.fr\/content\/wp-json\/wp\/v2\/types\/page"}],"author":[{"embeddable":true,"href":"https:\/\/www.vacances-campings.fr\/content\/wp-json\/wp\/v2\/users\/2"}],"replies":[{"embeddable":true,"href":"https:\/\/www.vacances-campings.fr\/content\/wp-json\/wp\/v2\/comments?post=1674"}],"version-history":[{"count":1,"href":"https:\/\/www.vacances-campings.fr\/content\/wp-json\/wp\/v2\/pages\/1674\/revisions"}],"predecessor-version":[{"id":1675,"href":"https:\/\/www.vacances-campings.fr\/content\/wp-json\/wp\/v2\/pages\/1674\/revisions\/1675"}],"up":[{"embeddable":true,"href":"https:\/\/www.vacances-campings.fr\/content\/wp-json\/wp\/v2\/pages\/1638"}],"wp:attachment":[{"href":"https:\/\/www.vacances-campings.fr\/content\/wp-json\/wp\/v2\/media?parent=1674"}],"curies":[{"name":"wp","href":"https:\/\/api.w.org\/{rel}","templated":true}]}}